-50425
Convert -102120122 (base 3) to base 7.
-33416
1010100100 (base 2) to base 10
676
What is 11c5 (base 13) in base 14?
cc7
5acc (base 15) to base 7
110214
Convert -e039 (base 15) to base 12.
-23460
-10001 (base 5) to base 10
-626
Convert 12121 (base 5) to base 12.
63b
-125500 (base 6) to base 3
-120221200
-1333 (base 7) to base 12
-36a
-4b5 (base 13) to base 7
-2255
-1100102 (base 3) to base 10
-983
What is -5abe (base 15) in base 3?
-222110222
What is -1143 (base 8) in base 9?
-748
Convert 8026 (base 12) to base 4.
3120132
Convert -2636 (base 16) to base 3.
-111102022
Convert 1223221 (base 5) to base 12.
11775
1214 (base 5) to base 10
184
11a89 (base 11) to base 7
101243
b78 (base 16) to base 15
d0b
101010000001 (base 2) to base 7
10561
What is 148c (base 14) in base 3?
12000021
What is 78a1 (base 12) in base 7?
53656
Convert -1502 (base 10) to base 7.
-4244
-3220203 (base 4) to base 6
-152523
ba10 (base 12) to base 4
10333230
Convert 1331 (base 5) to base 3.
22000
-4057 (base 8) to base 16
-82f
-3b97 (base 12) to base 10
-6883
What is 399 (base 14) in base 11?
5a8
Convert 1615 (base 7) to base 16.
289
What is e28 (base 16) in base 5?
103444
1640 (base 7) to base 3
220122
Convert 407 (base 15) to base 10.
907
-c04 (base 16) to base 5
-44301
7302 (base 10) to base 16
1c86
What is a74 (base 14) in base 4?
200032
Convert 100100001111100 (base 2) to base 13.
85a5
223 (base 16) to base 12
397
What is 1325 (base 16) in base 3?
20201112
22302 (base 4) to base 16
2b2
What is 632b (base 12) in base 13?
4c16
Convert 63410 (base 8) to base 11.
188a9
What is 795 (base 11) in base 10?
951
What is 1000201 (base 3) in base 6?
3244
What is -50275 (base 9) in base 2?
-1000000100001011
What is 924 (base 11) in base 9?
1468
Convert 27876 (base 10) to base 15.
83d6
10111111011 (base 2) to base 9
2081
What is 1e39 (base 16) in base 8?
17071
Convert -35a (base 14) to base 15.
-2e8
What is -8126 (base 9) in base 10?
-5937
-1100111110 (base 2) to base 13
-4bb
What is -191 (base 10) in base 8?
-277
2a19 (base 11) to base 10
3892
2116 (base 7) to base 8
1354
What is -23012022 (base 4) in base 7?
-246336
What is -d8a (base 15) in base 11?
-2328
Convert 20010 (base 4) to base 16.
204
What is 6415 (base 8) in base 4?
310031
Convert -1000000000010010 (base 2) to base 6.
-411442
121112 (base 3) to base 6
2022
-18394 (base 10) to base 9
-27207
103322 (base 4) to base 9
1665
Convert -142 (base 16) to base 5.
-2242
-112412 (base 5) to base 3
-12122010
-2584 (base 10) to base 8
-5030
Convert 1601 (base 16) to base 9.
7648
Convert -22001 (base 3) to base 12.
-161
What is 1451 (base 10) in base 7?
4142
What is c (base 13) in base 2?
1100
Convert -1120 (base 8) to base 6.
-2424
-187 (base 12) to base 10
-247
What is -46 (base 7) in base 6?
-54
25840 (base 9) to base 15
5286
Convert -97 (base 11) to base 12.
-8a
What is 15035 (base 10) in base 13?
6ac7
Convert 4754 (base 14) to base 3.
122001002
What is 6025 (base 7) in base 8?
4035
What is -4438 (base 9) in base 5?
-101100
Convert -7200 (base 10) to base 12.
-4200
-301531 (base 6) to base 11
-16925
What is -2540 (base 6) in base 13?
-39c
-7c1 (base 13) to base 6
-10112
What is 778d (base 16) in base 7?
155141
What is -1220112 (base 3) in base 7?
-4025
Convert 4475 (base 14) to base 9.
17241
What is 2ac (base 14) in base 13?
32b
-182 (base 10) to base 15
-c2
What is 301003 (base 5) in base 9?
14028
110 (base 5) to base 7
42
-503243 (base 6) to base 14
-10627
Convert -121203 (base 4) to base 16.
-663
What is f8c (base 16) in base 4?
332030
Convert -120324 (base 7) to base 4.
-11110032
-312231 (base 4) to base 12
-2039
Convert 225 (base 7) to base 3.
11100
12802 (base 13) to base 8
103005
Convert 22120 (base 5) to base 7.
4322
What is -2426 (base 13) in base 6?
-35342
44624 (base 8) to base 16
4994
What is 1012001112 (base 3) in base 4?
11231021
78a0 (base 16) to base 3
1120100201
Convert 1221 (base 13) to base 12.
1596
Convert 19a6 (base 11) to base 4.
213220
What is -10101001110 (base 2) in base 11?
-1025
Convert -1761 (base 12) to base 15.
-c74
Convert 212221 (base 4) to base 3.
10101121
What is 952 (base 11) in base 9?
1513
What is 2067a (base 12) in base 16?
a5be
-1246 (base 7) to base 5
-3400
35044 (base 6) to base 3
20212001
What is -102000012 (base 3) in base 5?
-224044
293 (base 12) to base 2
110001111
What is -275 (base 8) in base 3?
-21000
What is -b6c1 (base 15) in base 11?
-27052
Convert 1210 (base 6) to base 12.
206
Convert -2758 (base 11) to base 14.
-1432
What is -8817 (base 10) in base 15?
-292c
What is 57344 (base 8) in base 16?
5ee4
-211031 (base 4) to base 12
-1465
-432151 (base 6) to base 4
-20222203
Convert 5a2c (base 13) to base 10.
12713
Convert -98a2 (base 11) to base 4.
-3030003
15954 (base 10) to base 9
23786
Convert -342b (base 12) to base 5.
-141140
Convert 31222 (base 7) to base 9.
11451
-234 (base 8) to base 12
-110
What is 1112200 (base 3) in base 4?
101211
Convert -3059 (base 10) to base 6.
-22055
What is 23302 (base 4) in base 5?
11004
What is -2110221202 (base 3) in base 7?
-262205
Convert 100101011010110 (base 2) to base 14.
6da6
What is -70 (base 12) in base 13?
-66
1b57 (base 15) to base 8
13454
What is -34 (base 12) in base 7?
-55
-81636 (base 9) to base 13
-1b5c7
What is 272bb (base 12) in base 5?
3211444
Convert 108 (base 10) to base 7.
213
-82360 (base 10) to base 16
-141b8
What is 114d (base 14) in base 8?
5701
What is 308 (base 10) in base 13?
1a9
What is -2022120 (base 3) in base 7?
-4632
Convert -a487 (base 15) to base 7.
-203251
260c (base 13) to base 4
1110230
What is 110010011101 (base 2) in base 10?
3229
-3444134 (base 5) to base 13
-22546
Convert -4550 (base 16) to base 12.
-a328
What is -1bc (base 14) in base 10?
-362
-53121 (base 6) to base 9
-10754
What is -20161 (base 7) in base 11?
-374a
What is 43403 (base 5) in base 15?
d38
Convert -10011101001 (base 2) to base 11.
-a43
-10034 (base 11) to base 10
-14678
-d38 (base 16) to base 13
-1704
Convert -76d9 (base 14) to base 2.
-101000001011111
-7065 (base 8) to base 15
-1127
Convert 21b (base 13) to base 7.
1025
What is -37c (base 13) in base 11?
-505
Convert 2202 (base 8) to base 16.
482
What is -1469 (base 10) in base 6?
-10445
53036 (base 7) to base 9
18822
4333 (base 7) to base 4
120013
-20210010 (base 3) to base 14
-1b32
Convert 27554 (base 9) to base 6.
222251
What is -1102 (base 5) in base 7?
-305
-300111 (base 4) to base 3
-11020120
Convert -27a0 (base 16) to base 8.
-23640
-42aa7 (base 12) to base 5
-10303332
What is bb0 (base 13) in base 10?
2002
Convert 552 (base 7) to base 8.
432
b90 (base 16) to base 5
43320
Convert -1a1a (base 16) to base 12.
-3a4a
-2000 (base 13) to base 15
-147e
What is 15e (base 16) in base 8?
536
What is -82d9 (base 15) in base 11?
-19860
41351 (base 6) to base 8
12643
Convert -4010 (base 5) to base 13.
-2cb
-443 (base 6) to base 3
-20100
Convert -3927 (base 13) to base 9.
-12150
What is -3232210 (base 5) in base 3?
-2210212100
-1100101011011 (base 2) to base 8
-14533
Convert 12a90 (base 11) to base 8.
44264
-28cd (base 16) to base 11
-7936
-13 (base 12) to base 7
-21
Convert -4 (base 16) to base 10.
-4
What is -502 (base 8) in base 9?
-387
2314 (base 6) to base 14
2b4
Convert -19604 (base 14) to base 10.
-64292
1956 (base 11) to base 12
1529
-aaa (base 13) to base 12
-1086
4624 (base 7) to base 2
11010010100
Convert -130223 (base 4) to base 12.
-108b
Convert 17164 (base 9) to base 6.
130351
What is 200200102 (base 3) in base 10?
13619
What is 1220 (base 14) in base 8?
6134
Convert -35773 (base 10) to base 3.
-1211001221
What is -3357 (base 10) in base 6?
-23313
What is -2c1 (base 15) in base 6?
-2531
What is -5841 (base 12) in base 5?
-303331
What is 1124 (base 9) in base 13?
4c0
Convert 2514 (base 8) to base 10.
1356
1010111100100 (base 2) to base 7
22224
-201102 (base 3) to base 13
-314
-44155 (base 8) to base 13
-8593
Convert -2323 (base 5) to base 9.
-415
-2124 (base 6) to base 11
-400
What is -162261 (base 8) in base 13?
-20856
Convert -20a (base 11) to base 6.
-1100
What is -121203 (base 5) in base 9?
-6218
-10383 (base 9) to base 13
-3192
What is 9791 (base 12) in base 6?
205101
What is -10120022 (base 3) in base 8?
-5050
What is 11010110110 (base 2) in base 4?
122312
103103 (base 